3*y**3/2 - 2*y**2. Suppose 63*i = 66*i + 12. Let m be ((-3 + -1)/i)/((-1)/(-6)). What is v(m)?
-9
Let m(q) = 8*q**3 - 5*q**2 - 2*q + 12. Let s(c) = -17*c**3 + 11*c**2 + 5*c - 29. Let h(o) = 5*m(o) + 2*s(o). Calculate h(1).
5
Let k(w) = -2*w**3 - 4*w**2 + 1. Let h be (6/4)/(3*4/(-24)). Calculate k(h).
19
Let p(z) be the second derivative of z**4/12 + 5*z**3/6 + 7*z**2/2 - 14*z. Let f be p(-5). Let c(r) = 2*r - 9. Give c(f).
5
Let c(o) = 5*o - 1. Suppose 6*d - 16 - 20 = 0. Let j(p) = 2*p. Let r(u) = d*c(u) - 14*j(u). Give r(6).
6
Suppose 3*f = -2*f + 20. Suppose h - 3*d = f, -5*h + 5*d + 15 = -15. Let w(k) = 3*k**2 - 3*k + 1. Let b(s) = 8*s**2 - 3. Let q(c) = b(c) - 3*w(c). Give q(h).
8
Let t(y) = 14*y. Suppose -2*w + 0*w + 9 = -i, 0 = w - 3*i - 17. Let o be (4/(-10))/((-8)/(-5) - w). What is t(o)?
14
Let n(i) = -4*i**3 + 7*i**2 + 27*i - 20. Let g(z) = 5*z**3 - 3*z**2 - 29*z + 19. Let l(p) = -3*g(p) - 4*n(p). Give l(20).
3
Let n = -80 - -91. Let a(u) = u**2 - 8*u + 8. Give a(n).
41
Suppose -3*d + 4*j = -15, 13*j + 8 = -4*d + 9*j. Let t(x) = -7*x. Determine t(d).
-7
Let d(s) = s**3 - 4*s**2 - 8*s + 6. Let c(w) = w**3 + 18*w**2 + w + 19. Let q(n) = 1. Let h(a) = c(a) + 5*q(a). Let l be h(-18). Suppose 1 = -x + l. Give d(x).
-9
Let u(k) = -k + 0 - 7 - 2*k. Let l be ((-12)/(-7))/(28/(-98)). What is u(l)?
11
Let n(g) = g**2 + 11*g + 7. Let c(z) = 1. Let t be (24/(-20))/((-2)/10). Let k(a) = a + 6. Let f(q) = t*c(q) - k(q). Let u(r) = 4*f(r) + n(r). Determine u(-6).
1
Let b(w) = 4*w**2 - 7*w + 4 + 9 - 5*w**2 - 17. What is b(-10)?
-34
Let h(t) = t - 3. Suppose -19*i = 17*i - 288. Calculate h(i).
5
Suppose 0*h - 5*h - 70 = 5*g, -5*h = -g + 70. Let i = h - -19. Let n(v) = -3*v - 4 + 4*v**2 - i*v**3 - 6*v**2 + 6*v**3 + 4*v**2. Give n(-3).
-4
Let o(u) be the first derivative of -8*u**3/3 + u**2 + u - 1389. Suppose 0*t = 5*t + 5. Give o(t).
-9
Let h(d) be the first derivative of 5/2*d**2 - 1/20*d**5 + d + 1/3*d**3 - 7 - 5/12*d**4. Let i(v) be the first derivative of h(v). Give i(-5).
-5
Let q(o) = 6*o**2 - 1. Suppose 5*f - 4 = -19. Let k be (f - -3) + -1 + -9. Let n be (k/15)/(2/3). What is q(n)?
5
Let t(m) = -702*m + 232*m - m**2 + 238*m + 234*m + 17. What is t(5)?
2
Let u be (1 + 3/(-6))*2. Let v(a) = -13*a**3 - 2*a**2 + 2*a - 2. Let l(b) = 28*b**3 + 5*b**2 - 5*b + 5. Let y(w) = 3*l(w) + 7*v(w). Calculate y(u).
-6
Let b be 1128/72 + (-2)/3. Suppose 7*c - b = -8*c. Let i(v) = -7*v - 1. What is i(c)?
-8
Let v(g) = -6*g + 5*g - g - 2*g - 2. Let r(k) = k**2 - k - 3. Let s be r(0). Let p = s - -1. Give v(p).
6
Let k(f) = -f**3 + 5*f + 1. Suppose -15 = -x - 4*s, 5*x - 24*s - 9 = -22*s. Determine k(x).
-11
Let s(v) = v - 1. Let m be 1/((-2)/8) - -8. Suppose x = -z - 7, 0*z - 2*z + m*x = -10. What is s(z)?
-4
Let f = -22 + 25. Let n(j) = 2*j**2 + 2*j. Give n(f).
24
Let h(g) = -g + 0 + 2 - 13 + 9. Determine h(3).
-5
Let l(y) be the second derivative of -y**4/6 - 5*y**3/6 - 2*y**2 - 11*y + 1. Determine l(-3).
-7
Let i(l) = 6*l**2 + 2*l + 2. Let w = -25 - -17. Let v be ((-7)/(-14))/(2/w). Determine i(v).
22
Let f = 125 - 127. Let o(z) = 3*z**3 + 4*z**2 + 5*z + 5. Determine o(f).
-13
Let r(w) = w**2 + 2*w + 2. Let p be (1*-4)/4*27. Let b be (-3 - p/(-6))*-2. Suppose 4*q + q = -b. What is r(q)?
5
Let r(d) = -14*d**2 + d + 1. Let z be r(-1). Let y(f) = -f**3 - 14*f**2 - f - 5. Give y(z).
9
Let c(d) = -2*d - 4. Let o be c(-3). Let j(r) = 254 - 4*r**2 + 256 - 509. Calculate j(o).
-15
Let i(m) = -m**2 + 6*m - 1. Suppose -3*j = -2*h - 13, 4*j = 3*h - h + 16. Let y(o) = -4*o - 4. Let s be y(h). Give i(s).
7
Suppose 2 = 95*f - 97*f. Let c(y) = -3*y**3 + y**2 - 3*y + 2. Let p(b) = -10 - 16*b**3 + 21 - 16*b + 4*b**2 + 2*b**2. Let a(u) = -11*c(u) + 2*p(u). Give a(f).
-1
Let f(k) be the first derivative of -k**2/2 - 2*k - 1. Let m = -491 - -497. What is f(m)?
-8
Let a(d) = -9*d - d + 6*d**2 + 2*d**2 + 4 - 7*d**2 - 2*d**2. Determine a(-10).
4
Suppose 3*z - 4*f = 4, f - 1 + 2 = -z. Let y(x) = z*x**2 - x - 11*x**3 - 2*x**2 + 2*x + 2*x**3. Determine y(1).
-10
Let r(u) be the second derivative of -u**3/6 + 4*u**2 + 114*u. Give r(9).
-1
Suppose 4*j - 86 + 2 = 0. Suppose 0 = -5*h - 2*k - j, 0 = -4*h - 0*h + 4*k. Let y(s) be the first derivative of -3*s**2/2 - 4*s + 2. Give y(h).
5
Let x(j) = -j**2. Let c(r) = -28*r**2 + 1. Let v(w) = -c(w) + 6*x(w). Suppose 20*y - 65*y + 78 = 33*y. What is v(y)?
21
Let o(u) = -u**3 + 2*u**2 + u - 2. Let x be ((-11)/(-33))/(17/(-9) + 2). Determine o(x).
-8
Suppose -4*c - 3 = -2*r + 11, 0 = 5*c + 15. Suppose -j + 2 = -r. Let o(i) = -7*i**2 + i**j + 10*i**2 - 2*i**3 - 6 + 4*i. Determine o(4).
-6
Let v(o) = -200 - o - o**2 + 204 - o + 4*o**2. Calculate v(2).
12
Suppose 0 = 15*h - 44 - 61. Let a(j) = -6*j + 37. Determine a(h).
-5
Let r(t) = -62 + 54 - t**2 - 19 + 12*t. What is r(9)?
0
Suppose 6*k = 4*k - 8. Let m be 13 + (k - 4/(-2)). Suppose -4*o + m = -5. Let i(h) = -h. Give i(o).
-4
Let q(d) = -d**2 + 10*d - 11. Let r(s) = s**3 - 10*s**2 + 10*s - 4. Let g be r(9). Let m be ((-16)/g)/(6/(-15)). Let o be q(m). Let j(c) = -c + 7. What is j(o)?
2
Let g(c) = -c**3 - 15*c**2 - 3*c - 21. Let s be g(-15). Let x = s + -30. Let w(q) = q**2 + 5*q - 7. What is w(x)?
-1
Let d(s) be the first derivative of s**2 - 9*s + 56. What is d(8)?
7
Let d(q) = -q + 7. Let w(h) = 9 - 5*h + 16 - h**2 - 13. Let r be w(-6). What is d(r)?
1
Let v(b) = -b**3 + 5*b**2 - 1. Let o(c) = c**3 - 4*c**2 + 2*c - 6. Let d be o(4). Suppose -3*t + d = -4*i + 10, -5*i + 33 = 2*t. Give v(i).
-1
Let v(n) be the first derivative of -n**4/4 - 7*n**3/3 - 4*n**2 - 4*n - 43. Let r be (-36)/(-45)*15/(-2). Give v(r).
8
Let q(o) be the first derivative of 3 - 3*o**2 - 2*o + 0 + 8 + 9. What is q(-3)?
16
Let x(o) be the second derivative of o**5/4 + o**4/12 - o**3/6 - 6*o. Suppose 6*w + 2*v + 5 = w, -4 = w + v. Calculate x(w).
5
Let a(u) = 39*u - 2*u**2 - 66*u + 30*u. Let i be (2 - 2)/2 - -3. Calculate a(i).
-9
Suppose -t + i = -1, 2*t - 11*i - 1 = -8*i. Let u(o) be the second derivative of 0 + 3*o**t - 4*o - 1/6*o**3. Determine u(0).
6
Suppose 6 = -a + 3. Let f(x) = 2*x - 4. What is f(a)?
-10
Let k(j) = j**3 - 3*j**2 + 2*j - 3. Let f = -20 + 3. Suppose -2*c = -26 - 12. Let t = c + f. Calculate k(t).
-3
Let f(z) = z**3 + 7*z**2 + 7*z. Let j be f(-6). Let q(v) be the first derivative of -v**3/3 - 7*v**2/2 - 8*v + 650. Calculate q(j).
-2
Let k = 540 + -532. Let w(p) = 4*p**3 - 9*p**2 + 10*p + 11. Let f(n) = -n**3 - n. Let z(b) = 3*f(b) + w(b). Calculate z(k).
3
Let y = -10 - -12. Let l be (5 - y) + (-12)/(-3). Suppose 0 = 5*v - 3 - l. Let f(x) = 4*x - 3. Determine f(v).
5
Let c(b) = -b + 1. Let d(m) = -5*m + 3. Let o(z) = -3*c(z) + d(z). Suppose 4*i - 4 = -4*l, -6*i - 15 = -11*i. Determine o(l).
4
Let j(h) be the second derivative of h**5/60 + h**4/8 + h**3/2 + 7*h**2/2 + 15*h. Let k(c) be the first derivative of j(c). What is k(-3)?
3
Let h(f) = 12*f**3 + f - 1. Suppose -98*t - 11 = -109*t. What is h(t)?
12
Let q(v) = 7*v**3 + 5 - 2*v**2 + 6*v**3 - 15*v**3 - 3*v**2 - v + 3*v**3. Suppose 0 = -2*z - z + 15. Calculate q(z).
0
Let k = 92 + -90. Suppose k*p = 6*p - 16. Let c(a) = -a**3 + 4*a**2 - 5. Determine c(p).
-5
Let j(r) = r. Let k(o) = -o**3 - 13*o**2 - 32*o - 21. Let l be k(-10). Determine j(l).
-1
Let z(g) = 1 + 386*g - 2 - 384*g. Let p = 5 - 2. What is z(p)?
5
Let c(t) = -t**2 - t + 65. Let p be c(8). Let u(d) = d**3 + 8*d**2 + 3*d - 5. What is u(p)?
23
Suppose 0 = w + 12*w - 728. Let c(j) = -j**2 + 2*j**2 - 7*j - w + 58. Calculate c(7).
2
Let n(s) = -s**3 - 5*s**2 - 2*s + 3. Let j(h) = -h**3 - h**2 + h - 2. Let i be j(0). Let m be -5*(i - 52/(-20)). Determine n(m).
-9
Suppose -5*o - 213 = -298. Let z(g) = -g**3 + 16*g**2 + 16*g + 23. Give z(o).
6
Let t(b) = -b**3 + 11*b**2 + 10*b + 19. Let u(l) = -2*l**3 + 23*l**2 + 21*l + 39. Let a(x) = -7*t(x) + 4*u(x). Determine a(16).
-9
Let o(c) = c**3 - 15*c**2 + 13*c + 13. Suppose -s + d = -15, 17 = -12*s + 13*s - 3*d. Calculate o(s).
-1
Let g be 14*((-4)/(-28)*16 + -2). Let v(d) = 4*d**2 - 2*d + 1. Let t be v(1). Let j(i) = 2*i - i**2 - 3*i + t*i. Determine j(g).
-8
Let o(t) = t**3 + 3*t**2 - 6*t + 5. Let x(s) = -s + 1. Let d(b) = o(b) - 2*x(b). Let y(v) = v**2 + 253*v - 8488. Let c be y(30). Calculate d(c).
15
Let p(t) = -3*t**2 + t + 2. Let q(j) = 10*j**2